10))/(4/(-8)). Suppose -c = k*g - 482, 0*c - 2*c = -g + 149. What are the prime factors of g?
3, 53
Let i be 5*(-20)/175 - 101/7. List the prime factors of (-3)/i - 16874/(-55).
307
Let r = 141809 - 56847. What are the prime factors of r?
2, 23, 1847
Let t be -1 + 1492/(-10 - -14). Suppose -5*a + 139 + 81 = 0. Suppose -48*g = -a*g - t. What are the prime factors of g?
3, 31
Let y(g) = -43*g**2 + 167*g - 47. Let k(a) = -14*a**2 + 56*a - 16. Let t(j) = 8*k(j) - 3*y(j). What are the prime factors of t(-7)?
1217
Let z be (300/(-8))/(-15) - (-3)/(-6). Suppose 2*p = 2*q + 508, z*q = 4*p + p - 1285. List the prime factors of p.
7, 37
Let n = 18 + -13. Let g(p) = -p**3 + 3 - 19*p - 1 - 8*p + 7*p**2 + 21*p + 3. What are the prime factors of g(n)?
5
Suppose 5 = -5*q, q - 11361 + 70980 = 2*j. What are the prime factors of j?
13, 2293
Let u(x) = 4671*x + 251. List the prime factors of u(5).
2, 11, 29, 37
Suppose -98*w - 5104 = -99*w. List the prime factors of w.
2, 11, 29
Let q = 63622 + -36113. What are the prime factors of q?
27509
Let h(x) = -3194*x**3 - x - 1. Let k be h(-1). Suppose 870 + k = 8*b. What are the prime factors of b?
2, 127
Suppose 0 = 65*b - 60*b - 10. Suppose b*t + 4*i - 33 = i, -3*t = -3*i - 27. Suppose 10*o - t*o = -142. List the prime factors of o.
71
Suppose -f - m + 2 = 0, 3*f + 10 = 7*f + 5*m. Suppose k = -f*t - 2*t + 167, 3*t = 4*k - 646. List the prime factors of k.
163
Let v be -2*1 - (10 + -14). Let u be (-29)/v - 42/(-28). List the prime factors of (-506)/(-3) - ((-117)/(-27))/u.
13
Let p = 3540 + 3007. Suppose 18*d + 1579 = p. Suppose -3*o = -k - 763, -4*k = -o - 8*k + d. List the prime factors of o.
2
Let h(y) = 2*y**3 - y**2 - 5. Let q be h(2). Suppose q*s - 39 = 3. What are the prime factors of s?
2, 3
Let h(o) = 882*o - 707. List the prime factors of h(15).
7, 1789
Let c(g) = -3*g + 24. Let l be c(8). Suppose l = -0*h + 7*h + 21. What are the prime factors of (-3)/(9/(-12)) - h?
7
Let u(z) = -z**3 - 6*z**2 - 8*z - 13. Let d be u(-5). Let v(b) = 79*b**3 + 4*b**2 - 10*b + 2. What are the prime factors of v(d)?
2, 3, 5, 7
Suppose 4*w - 79 = 65. Let j = -33 + w. Let o(m) = 34*m - 1. List the prime factors of o(j).
101
Let h = -24304 - -42201. List the prime factors of h.
11, 1627
Let r(a) = 2822*a - 837. What are the prime factors of r(3)?
3, 2543
Suppose 49*x = 52*x - 153. Let c = -54 + x. What are the prime factors of c*(18740/(-240) + (-1)/4)?
5, 47
Let g(i) = 9*i**2 - 15*i + 6. Let l(z) = 27*z**2 - 46*z + 19. Let a(r) = 7*g(r) - 2*l(r). Let q be ((-24)/6 - -1) + 9. List the prime factors of a(q).
2, 5
List the prime factors of (3/(-15))/(64/(-1142720)).
3571
Let a(y) = -353*y + 524. What are the prime factors of a(-11)?
3, 13, 113
Let p be (1 + (-94)/(-6))*3240/36. Suppose -m - 7488 = -5*g, 11*m - p = -g + 12*m. List the prime factors of g.
3, 499
Suppose 3*d = 2*q + 15, -2*d + 16 - 25 = 5*q. Suppose d*h + 5*a - 25 - 5108 = 0, -3*h - 3*a + 5133 = 0. What are the prime factors of h?
29, 59
Let p(o) = 174*o - 12. Let q(i) = 6*i. Let m be q(-1). Let t be p(m). List the prime factors of t/(-9)*(4 - (-15)/(-6)).
2, 11
Let i(h) = 2*h**2 - 23*h - 79. Let y be i(32). Suppose 2*b + 1233 = 3*l, -30*l + 27*l + b + y = 0. List the prime factors of l.
3, 137
Suppose 2*c - 5 = -2*l - 27, -5*c = 3*l + 63. Let f = c - -16. Let k(h) = 123*h**2 - 3*h + 2. What are the prime factors of k(f)?
2, 61
Let p be 27 - 18 - 1/1. Let t(o) = o**3 - 8*o**2. Let c be t(p). Suppose c*h - 100 = -4*h. What are the prime factors of h?
5
Let m(w) = w**3 + 14*w**2 - 20*w - 12. Let z be m(-15). List the prime factors of 27702/z - (-4)/14.
2, 5, 11
Let d(p) = 8*p. Let w be d(2). Suppose -8*g + 4*g + w = 0. Suppose -2*o = g*x - 0*x - 116, x = o - 52. List the prime factors of o.
2, 3
Let m(q) = q**2 - q - 12. Let o be m(-4). Suppose 2*w = 12 - o. Suppose 0 = 5*g, w*c + 3*g = -0*c + 94. What are the prime factors of c?
47
Suppose -v + 2*r = -7337, -82*r = 3*v - 78*r - 22071. What are the prime factors of v?
7349
Let o = 52 - 38. Let w be ((-21)/49)/((-2)/o) - -762. Suppose -4*y = -83 - w. List the prime factors of y.
2, 53
Suppose 3*s = -5*o + 47427, 46532 = 4*s - 5*o - 16704. List the prime factors of s.
15809
Let f(l) = -5*l - 48. Let w be f(-10). Suppose w*s - 178 = -a - a, -5*a + 5*s = -425. What are the prime factors of a?
3, 29
Let p(a) = -4*a**2 + 28*a - 32. Let k be p(6). What are the prime factors of 6 - 772/8*k?
2, 389
Let b be (11/(-2) - -5)*10. Let p be (-3)/b - 35/(-25). Suppose p*m - 2*s = 6 + 390, 416 = 2*m + 3*s. What are the prime factors of m?
2, 101
Let i be ((-4)/(-4) - 4) + (-114)/2. Let r = i + 75. Suppose w - 19 + r = 0. What are the prime factors of w?
2
Let w(a) = 3*a - 7 - 4*a + 2*a**3 - 4*a**2 + 0*a**3. Suppose 2*d - 12*z + 14*z = 4, -4*d - 3*z + 10 = 0. List the prime factors of w(d).
53
List the prime factors of -4 + (-37)/111 + (119894/6 - 2).
2, 11, 227
Let j be 55/(-33) + 3360/18. Suppose -k + 999 = 2*a, -a + 331 = -5*k - j. What are the prime factors of a?
3, 167
Let q(b) = b + 17. Let l(p) = -10*p + 3. Let u be ((-5)/(-5))/((-2)/(-2)). Let z be l(u). What are the prime factors of q(z)?
2, 5
Let l(h) = 69*h - 129. Let m(o) = 70*o - 129. Let i(c) = 3*l(c) - 4*m(c). What are the prime factors of i(-7)?
2, 5
Let j = -1231 + -271. What are the prime factors of ((-10 + 8)*j/4)/1?
751
Let f(q) = 4*q**2 + 13*q + 59. Let a be 11/((-198)/(-12))*-6. What are the prime factors of f(a)?
71
Let r(n) = n**2 - 17*n - 38. Let k be r(19). Suppose -2*b + 3*g + 446 = k, -2*g + 856 = 5*b - 240. What are the prime factors of b?
2, 5, 11
Suppose 4*d + s = 170, -15*d = -18*d + 2*s + 122. What are the prime factors of (-12)/d - 3924/(-14)?
2, 5, 7
Suppose 5*l - 44 + 9 = 0. Suppose l*o = 6*o + 4. Suppose 513 = 4*s + 3*v, 2*v - 496 = -o*s + 18. List the prime factors of s.
3, 43
Let l be ((-1)/(-1))/1 - -4. Suppose l*g + 3*f - 471 - 714 = 0, 237 = g - f. What are the prime factors of g?
3, 79
Suppose i - 156*p - 7851 = -158*p, -3*i + 23529 = -2*p. List the prime factors of i.
3, 5, 523
Suppose -66*s = -509394 - 31212. What are the prime factors of s?
8191
Let v(x) be the first derivative of 4*x**3/3 + 15*x**2/2 + 8*x - 27. List the prime factors of v(7).
3, 103
Let c(n) = -2*n**3 - 27*n**2 + 15*n + 18. Let v be c(-14). Suppose -v*q - 294 = -2*j, q + 588 = 4*j - 0*j. What are the prime factors of j?
3, 7
Let f = 2968 - 2509. List the prime factors of f.
3, 17
Let i(q) = q**3 + 10*q**2 - q + 10. Let y be 4 + -12 + 7 + (-5 - -1). List the prime factors of i(y).
2, 5, 7
Suppose -32*w - 27*w + 49086 = -5*w. What are the prime factors of w?
3, 101
Let u be (-3 + 5)/((-6)/(-9)). Let t(o) = 46*o**2 + 7*o - 9. Let w be t(u). Let d = w - 227. List the prime factors of d.
199
Let a(j) = j**3 + 29*j**2 + 31*j + 5. Let g be a(-17). Let h = g - 1387. List the prime factors of h.
1559
Let x(y) = -2*y**3 - 21*y**2 + 30*y + 168. Suppose 11*i + 86 = -79. What are the prime factors of x(i)?
3, 7, 83
Let b(i) = 63*i - 171. What are the prime factors of b(4)?
3
Let u(r) = r**2 - 2*r - 10. Let m be u(-3). Let k(q) = q - 5. Let o be k(m). List the prime factors of 56 - -2*(-1 + o).
2, 3
What are the prime factors of (-3 + (-359)/(-3))*12402/156?
5, 7, 53
Let s = -13 + 16. Suppose -f = 5*n + 2, f = s*n - f - 4. Suppose 3*t + 3*k - 267 = n, -4*t + 243 = 3*k - 109. What are the prime factors of t?
5, 17
Let n = -37 + -7. Let d = n - -47. What are the prime factors of 75*(-5)/(-5*d)?
5
Let p = 4646 + 73603. What are the prime factors of p?
3, 26083
Suppose -83*k + 86*k = 9. Suppose 0 = 3*d - 2*t - 594, -k*d + 5*t - 36 + 630 = 0. What are the prime factors of d?
2, 3, 11
Let s(b) = b**3 + 135*b**2 + 118*b + 751. What are the prime factors of s(-130)?
69911
Suppose 2*y = 5*d + 26, -2*d - 2*y + 4*y = 8. Let l(i) = -44*i - 10. What are the prime factors of l(d)?
2, 127
What are the prime factors of 4356 - ((-4745)/803 - ((-4)/22)/(-2))?
2, 3, 727
Suppose 224519 = 25*f - 21706. What are the prime factors of f?
3, 7, 67
Let t(j) = 138*j - 659. Let w be t(5). Let x be (-140)/(-2) - (1 + 1). Suppose 0 = w*o - 33*o + x. List the prime factors of o.
2, 17
What are the prime factors of (-9 + 13)*2 - -8843?
53, 167
Suppose 4*q - 3*l = 17647 + 42622, 4*q + 5*l = 60213. What are the prime